/(-51) - ((-25)/15)/(-5). Let z = p - s. Determine c(z).
5
Let q be 2 + ((-126)/(-28))/(3/2). Let h(b) = -b**2 - 3 - 2 + 8 - 7*b - q. Let x be h(-7). Let l(r) = r**3 + r**2 - 1. Determine l(x).
-5
Let i(c) be the second derivative of 10*c + 0*c**2 - 4 - 1/6*c**3. What is i(3)?
-3
Let v(q) = q**2 - 42. Suppose -18*g + 29*g = 18*g. Calculate v(g).
-42
Let w(f) = f - 9. Let b(i) = 2*i - 10. Let s(d) = 3*b(d) - 4*w(d). Let q(n) = 20*n - 9*n**2 - 22*n - 1 + 0. Let u be q(-1). Determine s(u).
-10
Let q(t) = 11*t**3 - t**2 + t - 1. Let f = -25 + -175. Let v = -199 - f. Give q(v).
10
Let t be 1/(-4) - 552/96. Let f(a) = 622 - 3*a**2 - 214 - a**3 - 208 - 203 - 4*a**2 - 6*a. Calculate f(t).
-3
Let g(i) be the first derivative of 13 - 31*i**2 - 4*i + 53*i**2 - 21*i**2. What is g(6)?
8
Let g(u) = -5*u**3 + 10*u**2 - 1. Let a = -799 - -801. Let j(c) = -13*c**3 + 21*c**2 - c - 1. Let b(q) = a*j(q) - 5*g(q). Give b(-8).
19
Let v(x) = 14*x**3 + 13*x**2 + 26*x + 5. Let o(h) = 5*h**3 + 5*h**2 + 9*h + 2. Let y(f) = -17*o(f) + 6*v(f). Calculate y(-4).
-64
Let h(c) = 8*c + 12*c - 27*c - 9. Let v(n) = -20*n - 26. Let o(l) = 14*h(l) - 5*v(l). Let t(z) = z**3 + 4*z**2 + 4*z. Let g be t(-3). Give o(g).
-2
Let d(r) be the third derivative of r**6/120 - 11*r**5/20 + 71*r**4/24 - 137*r**3/3 - 5226*r**2. Calculate d(31).
5
Let a = 43 - 43. Suppose a = 2*w - 3*w + 2. Let k(l) = 8*l - 5*l + l**w - 8*l. Determine k(6).
6
Suppose -5*g - 1 = 29. Let t(c) be the first derivative of 41 - 1/3*c**3 - 3*c**2 + 2*c. Determine t(g).
2
Suppose 12 = 3*o + 3*y, o + 0*o = 5*y - 20. Let m(x) = 16*x + 5*x + o*x + 2 - 28*x. Let b be 3/4 + (-10)/(-8). Determine m(b).
-12
Let t(d) = -d**2 + 7*d - 2. Suppose 4*v = 5*i + 58, 0 = 3*v - 57*i + 60*i - 3. Calculate t(v).
-2
Let c(s) be the second derivative of 19*s**3/6 - s**2/2 + 24*s + 1. Let a = 736 - 734. Give c(a).
37
Let u(o) = -2 + 3*o + 5 - 5*o. Let z be (-18)/21 + (-367)/(-77) + 730/(-803). Calculate u(z).
-3
Suppose -13*b - 58 = -97. Let u be 20/(-2)*(3/2)/b. Let x(w) = 2*w**2 - 3*w**2 - 4 - 5*w + w. Determine x(u).
-9
Suppose 3*m + 1 = -17. Let b(i) be the first derivative of -i**3/3 - 3*i**2 - 24328. Calculate b(m).
0
Let p(r) = -10*r + 2. Let d = -18 + 16. Let t(o) = -o. Let w(b) = d*t(b) + p(b). Calculate w(-3).
26
Let g(v) be the first derivative of -5*v**2/2 + 21*v + 321. What is g(5)?
-4
Suppose -4*p + 24 = a - 7, -5*p = -3*a - 26. Let l(i) = -7*i**2 - i + 10. Determine l(a).
-56
Let w(s) be the second derivative of s**3/6 + 4*s**2 + s. Suppose -n + 135 = 130. Suppose 1 = -4*y + l, -2*y - n*l + 5 = 3*y. Determine w(y).
8
Let u(j) = -j**3 - j**2 + 2*j - 9. Let f be u(-3). Let w(g) be the first derivative of 1/2*g**2 + 3 + 1/3*g**f - 4*g. Determine w(-5).
16
Suppose 2 - 44 = -21*o. Let b(t) = -96*t**2 + 0 + 98*t**o - 1 + 0. Give b(-3).
17
Let n(u) = -2*u**2 - 3*u - 1. Let k = -50 + 52. Suppose 15 = -5*t + 4*f, 2*t - f + k*f + 6 = 0. Let b be ((-1)/t - 1/(-6))*-4. Give n(b).
-3
Let r(m) = 9*m - 39. Let n(h) = -3*h + 13. Let t(f) = 8*n(f) + 3*r(f). Let x be ((-1)/1)/(7/(-40 + 5)). Give t(x).
2
Suppose -7*d - 5*m - 15 = -8*d, 2*m + 6 = 0. Let u(g) = g**2 + g + 34. Give u(d).
34
Suppose 1 = -r - 3, 3*c - 2*r - 20 = 0. Suppose -c*i + 11 = -9, 5 = f + i. Let k(m) = m + 7. Give k(f).
7
Let j = 311 - 225. Suppose 8 = -j*c + 94*c. Let a(w) = 7*w**2 - w + 2. What is a(c)?
8
Let c(n) = 57 - 41 - 44 - 13005*n + 13006*n. What is c(22)?
-6
Let c(d) = 2*d**3 + 12*d**2 - 2*d - 9. Let v be c(-6). Let s be (-2)/(v*4/(-24)). Let q(r) = -r**3 + 3*r**2 + 5*r - 1. Give q(s).
3
Let p be 4 - (24/(-4) + 8). Let j(s) = -7*s**2 - s**2 + 11*s**p - 2 + s**2 - 5*s**2. Suppose -4*i = -3*n - 3*i + 6, 3 = -2*n + 3*i. Calculate j(n).
-11
Let h(y) = 12*y**2 + 31*y - 37. Let n be h(1). Let v(z) = 5*z - 14. What is v(n)?
16
Let z(j) = -5*j + 2. Let u(a) = 24*a + 10. Let y(x) = x + 2. Let n(q) = u(q) - 8*y(q). Let v(f) = 5*n(f) + 14*z(f). Give v(2).
18
Let a(g) be the third derivative of -g**4/12 - 7*g**3/6 - 2*g**2 - 93. Let j be 0*(-2 + -1)/(-9). Determine a(j).
-7
Let n(l) = -l**3 - 9*l**2 + 13*l + 8. Let h(r) = 133*r - 3999. Let p be h(30). Calculate n(p).
-109
Let q(s) be the third derivative of -5*s**4/12 - 5*s**3/2 - 433*s**2 - s. What is q(0)?
-15
Suppose 2*r + k = 1, 4*k = -2*r + 9 + 7. Let a(l) = 2*l**2 + 12*l - 18. Let s(w) = w**2 + 5 - 22 + 30037*w - 30025*w. Let g(z) = r*a(z) + 3*s(z). Give g(11).
-4
Let b(u) = -2*u. Let p(o) = -o - 1. Suppose -14*x - 2 = 12. Let k(d) = x*p(d) + b(d). Calculate k(5).
-4
Let b(i) = 20. Let x(l) = l + 110. Let s(g) = 6*b(g) - x(g). Calculate s(2).
8
Let o(i) = 4 + 1 + 84*i - 50*i + 39 - 33*i. Give o(-30).
14
Suppose f + 2*m - 12 = -2*f, 5*f - 20 = -2*m. Suppose -f*d - 8 = 3*u, 0 = -4*u - 5*d + 4 - 14. Let i(w) = -2510*w**2 - 2506*w**2 + 5017*w**2 + 6. Give i(u).
6
Let q(c) = c**3 + 7*c**2 + 2*c + 1. Let v be 1/4 + 63/(-12). Let x(b) = -11 - b - 13 - 8 + 20. Let f be x(v). What is q(f)?
-13
Let w(r) = 4*r**2 - 2*r - 203. Let b be w(-7). Let z(f) = f**3 - 5*f**2 - 8*f - 48. Give z(b).
-6
Suppose 0 = -710*h + 719*h - 54. Let c(r) = 8*r**2 + h*r**2 + 4*r + 1 - 13*r**2 + 2. Calculate c(-7).
24
Let u(j) = 3 + 46*j + 0 - 38*j + 5 - 9*j. Let r be 2 + 3 + 1 + -16. Give u(r).
18
Let j(c) = -c**3 + 3*c**2 + 7*c - 7. Let b be j(4). Suppose -24*s + b*s + 38 = 0. Let o(z) = 4*z**3 + z**2 - 2. Give o(s).
34
Let w(c) = 4*c + 10. Let b(o) = o**2 - 2*o + 21. Let y be b(-4). Suppose 0 = 2*t - 5*m + 13 + 17, -5*m + y = -5*t. Determine w(t).
-10
Let k(z) = 8*z - 19. Let q(p) = -p**2 + 259*p - 766. Let i be q(3). Determine k(i).
-3
Let j be 260/35 + (-6)/14. Let p be j/(-3)*(-4)/28*-6. Let u(y) = -3*y**2 - 5*y - 5. Give u(p).
-7
Let g(y) = 11*y**2 - 53*y**2 - 4 + y + 4*y**3 + 32*y**2 + 11*y**2 - 3*y**3. Calculate g(3).
35
Let y be (-42)/5 - 38/(-95). Let q(m) be the second derivative of -m**4/6 - 8*m**3/3 - 5*m**2/2 + 4*m. Let s be q(y). Let v(a) = a**2 + 6*a - 2. Determine v(s).
-7
Let t(o) = -2*o**2 + 9*o + 32. Let v be t(7). Let u be -5 - ((-38)/(-6) - (-4)/v). Let n(k) = 2*k - 4. What is n(u)?
-24
Let d(t) = -t**2 + 363*t + 4 + 384*t - 748*t. Let m be -6 + 4 - (-6 - 0). Suppose i + 2*w + 0*w - 8 = 0, m*w - 24 = -4*i. Calculate d(i).
-16
Let x(k) = -k**3 - 3*k**2 + 1. Suppose -12*b + 14*b + 195 = 3*y, 5*y + 302 = -3*b. Let i = 101 + b. Determine x(i).
-19
Suppose i = 8*i - 84. Suppose p = -p + 3*x + 7, 5*p - i = 2*x. Let d(w) = -3 + 4 - 3*w - 3 + p*w**3 + 2*w**2. What is d(-2)?
-4
Suppose 41 = -u - 4*k, 5*u = 51*k - 55*k - 125. Let p(i) = -i**2 - 16*i + 40. What is p(u)?
-65
Let f(x) = -x**2 - 9*x - 31. Suppose 2*s - 2*z + 375 - 355 = 0, 3*s + 3*z + 6 = 0. Give f(s).
-13
Let j be (4/7)/((-8)/(-28)). Suppose -d - j = -2*f, -7 = -3*d + 3*f - 1. Let y(r) = 33*r**2 + 35*r**2 + 6*r - 75*r**2 - r**3 + d + 3*r. What is y(-8)?
-2
Suppose 3*l = -2*t - 21, t - 2*l + 7*l + 35 = 0. Let d(k) be the second derivative of -23*k + t + 2*k**2 + 1/3*k**3. Determine d(-5).
-6
Suppose 4*u - 5*n + 4 = 0, n + 4 = 2*n. Let v(y) = -4*y - 8. Let h(t) = -2*t - 5. Let p(w) = u*v(w) - 7*h(w). Determine p(4).
-5
Let g(l) be the third derivative of l**5/60 - l**4/8 - l**2 + 7. Let y = -84 + 88. Determine g(y).
4
Let p be (-1)/(-4) - (-6)/8. Let v(x) = -2*x. Let c(i) = -i**2. Suppose 19*k = 16*k - 3. Let w(r) = k*c(r) + p*v(r). Give w(4).
8
Let l be (-7)/(140/(-90))*8/6. Let i be l/(-8) - 3*14/(-24). Let r(q) be the third derivative of 11*q**5/60 + q**4/12 - q**3/6 - q**2. Determine r(i).
12
Let r(f) be the first derivative of -f**4/4 - 2*f**3/3 - f**2 - 3*f - 2. Suppose 8*w + 48 = -32. Let b(y) = -y - 13. Let j be b(w). Calculate r(j).
12
Let n be -11 + (-4)/6*-6. Let g(k) = -3*k**2 + 6*k + 9. Let q(h) = 6*h**2 - 4*h**2 - 5*h - 9 - 2*h. Let x(d) = -3*g(d) - 4*q(d). Calculate x(n).
-12
Suppose 3*v - 12 + 24 = 0. Let h be 16 + v*4/(-16). Let r be 8/(-60)*3 + h/5. Let j(i) = i. What is j(r)?
3
Suppose -9 = -2*u + l, 2 + 3 = -l. Let x(r) = 14*r**u - r + 18*r - 6 + 0*r. Let v(c) = 5*c**2 + 6*c - 2. Let w(g) = -11*v(g) + 4*x(g). Give w(-6).
22
Let d = -18734 + 18747. Let h(f) = -f**3 + 12*f**2 + 11*f - 8. Calculate h(d).
-34
Let f(c) = -4*c**2 - 14*c + 42. Let o(u) = -3*u**2 - 16*u + 41. Let p(s) = -2*f(s) + 3*o(s). What is p(-21)?
18
Let q(a) be the first derivative of -a**3/